{"id":291,"date":"2024-04-22T10:13:50","date_gmt":"2024-04-22T10:13:50","guid":{"rendered":"https:\/\/wp.hont.hu\/?page_id=291"},"modified":"2024-05-02T13:15:57","modified_gmt":"2024-05-02T13:15:57","slug":"alkotok-kezmuvesek","status":"publish","type":"page","link":"https:\/\/wp.hont.hu\/index.php\/alkotok-kezmuvesek\/","title":{"rendered":"Alkot\u00f3k, k\u00e9zm\u0171vesek"},"content":{"rendered":"<p><strong>M\u0171v\u00e9szeink:<\/strong><\/p>\n<p>Kolozsv\u00e1ri Grandpierre Mikl\u00f3s<br \/>\nEgyh\u00e1zy G\u00e1bor<br \/>\nCsernik P\u00e1l Szende<\/p>\n<p><strong>Zen\u00e9szeink:<\/strong><\/p>\n<p>Simon Tam\u00e1s<br \/>\n<a href=\"https:\/\/www.facebook.com\/Tomizene\" target=\"_blank\" rel=\"noopener\"><img loading=\"lazy\" decoding=\"async\" class=\"alignnone wp-image-299\" src=\"https:\/\/wp.hont.hu\/wp-content\/uploads\/2024\/04\/fb_logo_q-150x150.png\" alt=\"\" width=\"35\" height=\"35\" srcset=\"https:\/\/wp.hont.hu\/wp-content\/uploads\/2024\/04\/fb_logo_q-150x150.png 150w, https:\/\/wp.hont.hu\/wp-content\/uploads\/2024\/04\/fb_logo_q-300x300.png 300w, https:\/\/wp.hont.hu\/wp-content\/uploads\/2024\/04\/fb_logo_q-768x768.png 768w, https:\/\/wp.hont.hu\/wp-content\/uploads\/2024\/04\/fb_logo_q-12x12.png 12w, https:\/\/wp.hont.hu\/wp-content\/uploads\/2024\/04\/fb_logo_q-270x270.png 270w, https:\/\/wp.hont.hu\/wp-content\/uploads\/2024\/04\/fb_logo_q.png 960w\" sizes=\"auto, (max-width: 35px) 100vw, 35px\" \/><\/a><br \/>\nZol@<br \/>\nBreak Point Zenekar<\/p>\n","protected":false},"excerpt":{"rendered":"<p>M\u0171v\u00e9szeink: Kolozsv\u00e1ri Grandpierre Mikl\u00f3s Egyh\u00e1zy G\u00e1bor Csernik P\u00e1l Szende Zen\u00e9szeink: Simon Tam\u00e1s Zol@ Break Point Zenekar<\/p>\n","protected":false},"author":1,"featured_media":0,"parent":0,"menu_order":0,"comment_status":"closed","ping_status":"closed","template":"","meta":{"footnotes":""},"class_list":["post-291","page","type-page","status-publish","hentry"],"aioseo_notices":[],"_links":{"self":[{"href":"https:\/\/wp.hont.hu\/index.php\/wp-json\/wp\/v2\/pages\/291","targetHints":{"allow":["GET"]}}],"collection":[{"href":"https:\/\/wp.hont.hu\/index.php\/wp-json\/wp\/v2\/pages"}],"about":[{"href":"https:\/\/wp.hont.hu\/index.php\/wp-json\/wp\/v2\/types\/page"}],"author":[{"embeddable":true,"href":"https:\/\/wp.hont.hu\/index.php\/wp-json\/wp\/v2\/users\/1"}],"replies":[{"embeddable":true,"href":"https:\/\/wp.hont.hu\/index.php\/wp-json\/wp\/v2\/comments?post=291"}],"version-history":[{"count":4,"href":"https:\/\/wp.hont.hu\/index.php\/wp-json\/wp\/v2\/pages\/291\/revisions"}],"predecessor-version":[{"id":454,"href":"https:\/\/wp.hont.hu\/index.php\/wp-json\/wp\/v2\/pages\/291\/revisions\/454"}],"wp:attachment":[{"href":"https:\/\/wp.hont.hu\/index.php\/wp-json\/wp\/v2\/media?parent=291"}],"curies":[{"name":"wp","href":"https:\/\/api.w.org\/{rel}","templated":true}]}}