{"id":294,"date":"2024-04-22T10:14:05","date_gmt":"2024-04-22T10:14:05","guid":{"rendered":"https:\/\/wp.hont.hu\/?page_id=294"},"modified":"2024-04-22T10:24:59","modified_gmt":"2024-04-22T10:24:59","slug":"helyi-termekek","status":"publish","type":"page","link":"https:\/\/wp.hont.hu\/index.php\/helyi-termekek\/","title":{"rendered":"Helyi term\u00e9kek"},"content":{"rendered":"<p><strong>Kutyori-Konyha<\/strong><br \/>\n<img loading=\"lazy\" decoding=\"async\" class=\"alignnone wp-image-301\" src=\"https:\/\/wp.hont.hu\/wp-content\/uploads\/2024\/04\/logo.png\" alt=\"\" width=\"215\" height=\"215\" srcset=\"https:\/\/wp.hont.hu\/wp-content\/uploads\/2024\/04\/logo.png 300w, https:\/\/wp.hont.hu\/wp-content\/uploads\/2024\/04\/logo-150x150.png 150w, https:\/\/wp.hont.hu\/wp-content\/uploads\/2024\/04\/logo-12x12.png 12w, https:\/\/wp.hont.hu\/wp-content\/uploads\/2024\/04\/logo-270x270.png 270w\" sizes=\"auto, (max-width: 215px) 100vw, 215px\" \/><br \/>\n<strong>Balla Gy\u00f6rgyi <\/strong>&#8211; \u00fcgyvezet\u0151<\/p>\n<p><strong>El\u00e9rhet\u0151s\u00e9gek:<br \/>\n<\/strong>C\u00edm: 2647 Hont, D\u00f3zsa u. 12.<br \/>\nTelefon: 30\/437-5712<br \/>\nEmail: <a href=\"mailto:info@kutyorikonyha.hu\" target=\"_blank\" rel=\"noopener\">info@kutyorikonyha.hu<\/a><br \/>\nHonlap: <a href=\"http:\/\/www.kutyorikonyha.hu\" target=\"_blank\" rel=\"noopener\">www.kutyorikonyha.hu<\/a><br \/>\n<a href=\"https:\/\/www.facebook.com\/kutyorikonyha\/?locale=hu_HU\" target=\"_blank\" rel=\"noopener\"><img loading=\"lazy\" decoding=\"async\" class=\"alignnone wp-image-299\" src=\"https:\/\/wp.hont.hu\/wp-content\/uploads\/2024\/04\/fb_logo_q-150x150.png\" alt=\"\" width=\"35\" height=\"35\" srcset=\"https:\/\/wp.hont.hu\/wp-content\/uploads\/2024\/04\/fb_logo_q-150x150.png 150w, https:\/\/wp.hont.hu\/wp-content\/uploads\/2024\/04\/fb_logo_q-300x300.png 300w, https:\/\/wp.hont.hu\/wp-content\/uploads\/2024\/04\/fb_logo_q-768x768.png 768w, https:\/\/wp.hont.hu\/wp-content\/uploads\/2024\/04\/fb_logo_q-12x12.png 12w, https:\/\/wp.hont.hu\/wp-content\/uploads\/2024\/04\/fb_logo_q-270x270.png 270w, https:\/\/wp.hont.hu\/wp-content\/uploads\/2024\/04\/fb_logo_q.png 960w\" sizes=\"auto, (max-width: 35px) 100vw, 35px\" \/><\/a><\/p>\n","protected":false},"excerpt":{"rendered":"<p>Kutyori-Konyha Balla Gy\u00f6rgyi &#8211; \u00fcgyvezet\u0151 El\u00e9rhet\u0151s\u00e9gek: C\u00edm: 2647 Hont, D\u00f3zsa u. 12. Telefon: 30\/437-5712 Email: info@kutyorikonyha.hu Honlap: www.kutyorikonyha.hu<\/p>\n","protected":false},"author":1,"featured_media":0,"parent":0,"menu_order":0,"comment_status":"closed","ping_status":"closed","template":"","meta":{"footnotes":""},"class_list":["post-294","page","type-page","status-publish","hentry"],"aioseo_notices":[],"_links":{"self":[{"href":"https:\/\/wp.hont.hu\/index.php\/wp-json\/wp\/v2\/pages\/294","targetHints":{"allow":["GET"]}}],"collection":[{"href":"https:\/\/wp.hont.hu\/index.php\/wp-json\/wp\/v2\/pages"}],"about":[{"href":"https:\/\/wp.hont.hu\/index.php\/wp-json\/wp\/v2\/types\/page"}],"author":[{"embeddable":true,"href":"https:\/\/wp.hont.hu\/index.php\/wp-json\/wp\/v2\/users\/1"}],"replies":[{"embeddable":true,"href":"https:\/\/wp.hont.hu\/index.php\/wp-json\/wp\/v2\/comments?post=294"}],"version-history":[{"count":5,"href":"https:\/\/wp.hont.hu\/index.php\/wp-json\/wp\/v2\/pages\/294\/revisions"}],"predecessor-version":[{"id":303,"href":"https:\/\/wp.hont.hu\/index.php\/wp-json\/wp\/v2\/pages\/294\/revisions\/303"}],"wp:attachment":[{"href":"https:\/\/wp.hont.hu\/index.php\/wp-json\/wp\/v2\/media?parent=294"}],"curies":[{"name":"wp","href":"https:\/\/api.w.org\/{rel}","templated":true}]}}