{"id":348,"date":"2024-04-23T10:45:47","date_gmt":"2024-04-23T10:45:47","guid":{"rendered":"https:\/\/wp.hont.hu\/?page_id=348"},"modified":"2024-04-24T09:10:33","modified_gmt":"2024-04-24T09:10:33","slug":"egyhaz","status":"publish","type":"page","link":"https:\/\/wp.hont.hu\/index.php\/egyhaz\/","title":{"rendered":"Egyh\u00e1z"},"content":{"rendered":"<p style=\"text-align: center;\"><strong>Mennybemenetel-templom<\/strong><img loading=\"lazy\" decoding=\"async\" class=\"aligncenter wp-image-369\" src=\"https:\/\/wp.hont.hu\/wp-content\/uploads\/2024\/04\/Templom-3-1024x683.jpg\" alt=\"\" width=\"495\" height=\"330\" srcset=\"https:\/\/wp.hont.hu\/wp-content\/uploads\/2024\/04\/Templom-3-1024x683.jpg 1024w, https:\/\/wp.hont.hu\/wp-content\/uploads\/2024\/04\/Templom-3-300x200.jpg 300w, https:\/\/wp.hont.hu\/wp-content\/uploads\/2024\/04\/Templom-3-768x512.jpg 768w, https:\/\/wp.hont.hu\/wp-content\/uploads\/2024\/04\/Templom-3-1536x1024.jpg 1536w, https:\/\/wp.hont.hu\/wp-content\/uploads\/2024\/04\/Templom-3-2048x1365.jpg 2048w, https:\/\/wp.hont.hu\/wp-content\/uploads\/2024\/04\/Templom-3-18x12.jpg 18w, https:\/\/wp.hont.hu\/wp-content\/uploads\/2024\/04\/Templom-3-405x270.jpg 405w\" sizes=\"auto, (max-width: 495px) 100vw, 495px\" \/><\/p>\n<p style=\"text-align: left;\"><strong>Luther\u00e1nus P\u00e9ter<\/strong> \u2013pl\u00e9b\u00e1nos<\/p>\n<p style=\"text-align: justify;\">A k\u00f6zs\u00e9g r\u00e9gebbi temploma az iskola hely\u00e9n \u00e1llt, 1775-ben lebontott\u00e1k, de alap fal\u00e1nak romjai 1814-ben m\u00e9g l\u00e1that\u00f3k voltak. A mai, barokk st\u00edlus\u00fa templomot 1776-ban M\u00e1ria Ter\u00e9zia k\u00f6lts\u00e9g\u00e9n, Batthy\u00e1ny \u00e9rsek v\u00e9dn\u00f6ks\u00e9ge alatt \u00e9p\u00edtett\u00e9k. Vill\u00e1mcsap\u00e1s k\u00f6vetkezt\u00e9ben megs\u00e9r\u00fclt, ez\u00e9rt 1814-ben helyre\u00e1ll\u00edtott\u00e1k. Mai d\u00edszes torny\u00e1t is ekkor \u00e9p\u00edtett\u00e9k. A templom dombon \u00e1ll, egyhaj\u00f3s, \u00e9szak-d\u00e9li t\u00e1jol\u00e1s\u00fa, k\u00f6z\u00e9p tornyos. F\u0151 homlokzat\u00e1t szoborf\u00fclk\u00e9k, koron\u00e1z\u00f3p\u00e1rk\u00e1ny d\u00edsz\u00edti. Szent\u00e9lye \u00f6vesen z\u00e1r\u00f3dik, a haj\u00f3 \u00e9s szent\u00e9ly falak t\u00fckr\u00f6kkel vannak tagolva. Keleti fal\u00e1hoz sekrestye csatlakozik. A torony alatti bej\u00e1rat kos\u00e1r\u00edves, z\u00e1r\u00f3k\u00f6ves k\u0151kerettel k\u00e9sz\u00fclt. Haj\u00f3ja k\u00e9tboltszakaszos, a hevederek p\u00e1rk\u00e1nyos pill\u00e9reken nyugszanak, csehs\u00fcvegboltozat fedi, karzat\u00e1nak mellv\u00e9dje k\u00f6z\u00e9pen \u00f6vesen hajlik.<\/p>\n<p><img loading=\"lazy\" decoding=\"async\" class=\"aligncenter wp-image-372\" src=\"https:\/\/wp.hont.hu\/wp-content\/uploads\/2024\/04\/Templom-1-683x1024.jpg\" alt=\"\" width=\"335\" height=\"502\" srcset=\"https:\/\/wp.hont.hu\/wp-content\/uploads\/2024\/04\/Templom-1-683x1024.jpg 683w, https:\/\/wp.hont.hu\/wp-content\/uploads\/2024\/04\/Templom-1-200x300.jpg 200w, https:\/\/wp.hont.hu\/wp-content\/uploads\/2024\/04\/Templom-1-768x1152.jpg 768w, https:\/\/wp.hont.hu\/wp-content\/uploads\/2024\/04\/Templom-1-1024x1536.jpg 1024w, https:\/\/wp.hont.hu\/wp-content\/uploads\/2024\/04\/Templom-1-1365x2048.jpg 1365w, https:\/\/wp.hont.hu\/wp-content\/uploads\/2024\/04\/Templom-1-8x12.jpg 8w, https:\/\/wp.hont.hu\/wp-content\/uploads\/2024\/04\/Templom-1-180x270.jpg 180w, https:\/\/wp.hont.hu\/wp-content\/uploads\/2024\/04\/Templom-1-scaled.jpg 1707w\" sizes=\"auto, (max-width: 335px) 100vw, 335px\" \/><\/p>\n","protected":false},"excerpt":{"rendered":"<p>Mennybemenetel-templom Luther\u00e1nus P\u00e9ter \u2013pl\u00e9b\u00e1nos A k\u00f6zs\u00e9g r\u00e9gebbi temploma az iskola hely\u00e9n \u00e1llt, 1775-ben lebontott\u00e1k, de alap fal\u00e1nak romjai 1814-ben m\u00e9g l\u00e1that\u00f3k voltak. A mai, barokk st\u00edlus\u00fa templomot 1776-ban M\u00e1ria Ter\u00e9zia k\u00f6lts\u00e9g\u00e9n, Batthy\u00e1ny \u00e9rsek v\u00e9dn\u00f6ks\u00e9ge alatt \u00e9p\u00edtett\u00e9k. Vill\u00e1mcsap\u00e1s k\u00f6vetkezt\u00e9ben megs\u00e9r\u00fclt, ez\u00e9rt 1814-ben helyre\u00e1ll\u00edtott\u00e1k. Mai d\u00edszes torny\u00e1t is ekkor \u00e9p\u00edtett\u00e9k. A templom dombon \u00e1ll, egyhaj\u00f3s, \u00e9szak-d\u00e9li t\u00e1jol\u00e1s\u00fa, k\u00f6z\u00e9p tornyos. F\u0151 homlokzat\u00e1t szoborf\u00fclk\u00e9k, koron\u00e1z\u00f3p\u00e1rk\u00e1ny d\u00edsz\u00edti. Szent\u00e9lye \u00f6vesen z\u00e1r\u00f3dik, a haj\u00f3 \u00e9s szent\u00e9ly falak t\u00fckr\u00f6kkel vannak tagolva. Keleti fal\u00e1hoz sekrestye csatlakozik. A torony alatti&#8230;<\/p>\n<p class=\"read-more\"><a class=\"btn btn-default\" href=\"https:\/\/wp.hont.hu\/index.php\/egyhaz\/\"> Read More<span class=\"screen-reader-text\">  Read More<\/span><\/a><\/p>\n","protected":false},"author":1,"featured_media":0,"parent":0,"menu_order":0,"comment_status":"closed","ping_status":"closed","template":"","meta":{"footnotes":""},"class_list":["post-348","page","type-page","status-publish","hentry"],"aioseo_notices":[],"_links":{"self":[{"href":"https:\/\/wp.hont.hu\/index.php\/wp-json\/wp\/v2\/pages\/348","targetHints":{"allow":["GET"]}}],"collection":[{"href":"https:\/\/wp.hont.hu\/index.php\/wp-json\/wp\/v2\/pages"}],"about":[{"href":"https:\/\/wp.hont.hu\/index.php\/wp-json\/wp\/v2\/types\/page"}],"author":[{"embeddable":true,"href":"https:\/\/wp.hont.hu\/index.php\/wp-json\/wp\/v2\/users\/1"}],"replies":[{"embeddable":true,"href":"https:\/\/wp.hont.hu\/index.php\/wp-json\/wp\/v2\/comments?post=348"}],"version-history":[{"count":9,"href":"https:\/\/wp.hont.hu\/index.php\/wp-json\/wp\/v2\/pages\/348\/revisions"}],"predecessor-version":[{"id":404,"href":"https:\/\/wp.hont.hu\/index.php\/wp-json\/wp\/v2\/pages\/348\/revisions\/404"}],"wp:attachment":[{"href":"https:\/\/wp.hont.hu\/index.php\/wp-json\/wp\/v2\/media?parent=348"}],"curies":[{"name":"wp","href":"https:\/\/api.w.org\/{rel}","templated":true}]}}