{"id":525,"date":"2024-07-10T12:28:10","date_gmt":"2024-07-10T12:28:10","guid":{"rendered":"https:\/\/wp.hont.hu\/?page_id=525"},"modified":"2024-07-10T12:39:31","modified_gmt":"2024-07-10T12:39:31","slug":"dejtari-agglomeracio-szennyvizelvezetesenek-es-tisztitasanak-fejlesztese","status":"publish","type":"page","link":"https:\/\/wp.hont.hu\/index.php\/palyazatok-hont\/dejtari-agglomeracio-szennyvizelvezetesenek-es-tisztitasanak-fejlesztese\/","title":{"rendered":"Dejt\u00e1ri agglomer\u00e1ci\u00f3 szennyv\u00edzelvezet\u00e9s\u00e9nek \u00e9s tiszt\u00edt\u00e1s\u00e1nak fejleszt\u00e9se"},"content":{"rendered":"<p style=\"text-align: left;\"><img loading=\"lazy\" decoding=\"async\" class=\"wp-image-523 alignleft\" src=\"https:\/\/wp.hont.hu\/wp-content\/uploads\/2024\/07\/kehop_2_2_2_15_2022_00181_c_fekvo_nyomdai-page-001-1024x719.jpg\" alt=\"\" width=\"385\" height=\"270\" srcset=\"https:\/\/wp.hont.hu\/wp-content\/uploads\/2024\/07\/kehop_2_2_2_15_2022_00181_c_fekvo_nyomdai-page-001-1024x719.jpg 1024w, https:\/\/wp.hont.hu\/wp-content\/uploads\/2024\/07\/kehop_2_2_2_15_2022_00181_c_fekvo_nyomdai-page-001-300x211.jpg 300w, https:\/\/wp.hont.hu\/wp-content\/uploads\/2024\/07\/kehop_2_2_2_15_2022_00181_c_fekvo_nyomdai-page-001-768x539.jpg 768w, https:\/\/wp.hont.hu\/wp-content\/uploads\/2024\/07\/kehop_2_2_2_15_2022_00181_c_fekvo_nyomdai-page-001-1536x1079.jpg 1536w, https:\/\/wp.hont.hu\/wp-content\/uploads\/2024\/07\/kehop_2_2_2_15_2022_00181_c_fekvo_nyomdai-page-001-2048x1439.jpg 2048w, https:\/\/wp.hont.hu\/wp-content\/uploads\/2024\/07\/kehop_2_2_2_15_2022_00181_c_fekvo_nyomdai-page-001-18x12.jpg 18w, https:\/\/wp.hont.hu\/wp-content\/uploads\/2024\/07\/kehop_2_2_2_15_2022_00181_c_fekvo_nyomdai-page-001-384x270.jpg 384w\" sizes=\"auto, (max-width: 385px) 100vw, 385px\" \/><b>Kedvezm\u00e9nyezett neve:<\/b> \u00c9p\u00edt\u00e9si \u00e9s K\u00f6zleked\u00e9si Miniszt\u00e9rium<br \/>\n<b>A p\u00e1ly\u00e1zat c\u00edme:<\/b> Dejt\u00e1ri agglomer\u00e1ci\u00f3 szennyv\u00edzelvezet\u00e9s\u00e9nek \u00e9s tiszt\u00edt\u00e1s\u00e1nak fejleszt\u00e9se<br \/>\n<b>Szerz\u0151d\u00f6tt t\u00e1mogat\u00e1s \u00f6sszege:<\/b> 3.796.990.206 Ft<br \/>\n<b>T\u00e1mogat\u00e1si ar\u00e1ny:<\/b> 95%<br \/>\n<b>Projekt \u00f6sszk\u00f6lts\u00e9ge:<\/b> 3.993.831.795 Ft<br \/>\n<b>A projekt tervezett megval\u00f3s\u00edt\u00e1si id\u0151szaka:<\/b> 2022.07.01. \u2013 2025.12.31.<br \/>\n<b>Projekt azonos\u00edt\u00f3 sz\u00e1ma:<\/b> KEHOP-2.2.2-15-2022-00181<\/p>\n<p style=\"text-align: center;\"><strong>SAJT\u00d3K\u00d6ZLEM\u00c9NY<\/strong><\/p>\n<p style=\"text-align: center;\"><b>K\u00d6Z\u00d6S, T\u00c9RS\u00c9GI SZENNYV\u00cdZELVEZET\u0150 \u00c9S TISZT\u00cdT\u00d3 RENDSZER \u00c9P\u00dcL DEJT\u00c1RI AGGLOMER\u00c1CI\u00d3BAN<br \/>\n2024\/06\/01<\/b><\/p>\n<p><b>K\u00f6z\u00f6s, t\u00e9rs\u00e9gi szennyv\u00edzkezel\u0151 rendszer val\u00f3sulhat meg Dejt\u00e1r \u00e9s k\u00f6rny\u00e9k\u00e9n: Dr\u00e9gelypal\u00e1nk, Hont, Ipolyvece, Patak \u00e9s Dejt\u00e1r telep\u00fcl\u00e9seken a szennyv\u00edz csatornah\u00e1l\u00f3zaton rekonstrukci\u00f3s munk\u00e1k ker\u00fclnek megval\u00f3s\u00edt\u00e1sra \u00e9s Dejt\u00e1ron \u00faj szennyv\u00edztiszt\u00edt\u00f3 telep \u00e9p\u00fcl a 3,796 milli\u00e1rd forintos vissza nem t\u00e9r\u00edtend\u0151, eur\u00f3pai uni\u00f3s t\u00e1mogat\u00e1snak k\u00f6sz\u00f6nhet\u0151en.<\/b><\/p>\n<p>A Sz\u00e9chenyi 2020 program keret\u00e9ben a KEHOP-2.2.2-15-2022-00181 azonos\u00edt\u00f3 sz\u00e1m\u00fa projektben Dejt\u00e1r K\u00f6zs\u00e9g \u00d6nkorm\u00e1nyzata, Dr\u00e9gelypal\u00e1nk K\u00f6zs\u00e9g \u00d6nkorm\u00e1nyzata, Hont K\u00f6zs\u00e9g \u00d6nkorm\u00e1nyzata, Ipolyvece K\u00f6zs\u00e9g \u00d6nkorm\u00e1nyzata \u00e9s Patak K\u00f6zs\u00e9g \u00d6nkorm\u00e1nyzata vesz r\u00e9szt az \u00c9p\u00edt\u00e9si \u00e9s K\u00f6zleked\u00e9si Miniszt\u00e9rium konzorciumi vezet\u00e9s\u00e9vel. A beruh\u00e1z\u00e1s keret\u00e9ben az \u00e9rintett 2000 lakosegyen\u00e9rt\u00e9k terhel\u00e9st meghalad\u00f3 kibocs\u00e1t\u00e1s\u00fa szennyv\u00edzelvezet\u00e9si agglomer\u00e1ci\u00f3 megfelel\u0151 szennyv\u00edzkezel\u00e9s\u00e9nek felt\u00e9telei teljes\u00fclnek annak \u00e9rdek\u00e9ben, hogy a szennyv\u00edzk\u00f6zm\u0171vel val\u00f3 lefedetts\u00e9g megk\u00f6zel\u00edtse a k\u00f6zm\u0171ves iv\u00f3v\u00edzzel ell\u00e1tott fogyaszt\u00f3k csaknem 100% -\u00e1t. A projekttel szembeni szakmai elv\u00e1r\u00e1s, hogy Magyarorsz\u00e1g megfeleljen az uni\u00f3s jogi k\u00f6vetelm\u00e9nyeknek a kijel\u00f6lt hat\u00e1rid\u0151ig.<\/p>\n<p><strong>Tov\u00e1bbi inform\u00e1ci\u00f3 k\u00e9rhet\u0151:<\/strong><br \/>\nG\u00e1l Magdolna, Hont polg\u00e1rmestere<br \/>\nTelefon: +36 (35) 368-242<br \/>\nE-mail: <a href=\"mailto:onkormanyzat@hont.hu\" target=\"_blank\" rel=\"noopener\">onkormanyzat@hont.hu<\/a><\/p>\n<p><strong>Hivatalos sajt\u00f3k\u00f6zlem\u00e9ny:<br \/>\n<\/strong><a href=\"https:\/\/wp.hont.hu\/wp-content\/uploads\/2024\/07\/hont_sajtokozlemeny.pdf\" target=\"_blank\" rel=\"noopener\">Sajt\u00f3k\u00f6zlem\u00e9ny \u2013 K\u00f6z\u00f6s, t\u00e9rs\u00e9gi szennyv\u00edzelvezet\u0151 \u00e9s tiszt\u00edt\u00f3 rendszer \u00e9p\u00fcl Dejt\u00e1ri agglomer\u00e1ci\u00f3ban \u2013 2024\/06\/01<\/a><strong><br \/>\n<\/strong><\/p>\n","protected":false},"excerpt":{"rendered":"<p>Kedvezm\u00e9nyezett neve: \u00c9p\u00edt\u00e9si \u00e9s K\u00f6zleked\u00e9si Miniszt\u00e9rium A p\u00e1ly\u00e1zat c\u00edme: Dejt\u00e1ri agglomer\u00e1ci\u00f3 szennyv\u00edzelvezet\u00e9s\u00e9nek \u00e9s tiszt\u00edt\u00e1s\u00e1nak fejleszt\u00e9se Szerz\u0151d\u00f6tt t\u00e1mogat\u00e1s \u00f6sszege: 3.796.990.206 Ft T\u00e1mogat\u00e1si ar\u00e1ny: 95% Projekt \u00f6sszk\u00f6lts\u00e9ge: 3.993.831.795 Ft A projekt tervezett megval\u00f3s\u00edt\u00e1si id\u0151szaka: 2022.07.01. \u2013 2025.12.31. Projekt azonos\u00edt\u00f3 sz\u00e1ma: KEHOP-2.2.2-15-2022-00181 SAJT\u00d3K\u00d6ZLEM\u00c9NY K\u00d6Z\u00d6S, T\u00c9RS\u00c9GI SZENNYV\u00cdZELVEZET\u0150 \u00c9S TISZT\u00cdT\u00d3 RENDSZER \u00c9P\u00dcL DEJT\u00c1RI AGGLOMER\u00c1CI\u00d3BAN 2024\/06\/01 K\u00f6z\u00f6s, t\u00e9rs\u00e9gi szennyv\u00edzkezel\u0151 rendszer val\u00f3sulhat meg Dejt\u00e1r \u00e9s k\u00f6rny\u00e9k\u00e9n: Dr\u00e9gelypal\u00e1nk, Hont, Ipolyvece, Patak \u00e9s Dejt\u00e1r telep\u00fcl\u00e9seken a szennyv\u00edz csatornah\u00e1l\u00f3zaton rekonstrukci\u00f3s munk\u00e1k ker\u00fclnek megval\u00f3s\u00edt\u00e1sra \u00e9s Dejt\u00e1ron \u00faj szennyv\u00edztiszt\u00edt\u00f3 telep \u00e9p\u00fcl a&#8230;<\/p>\n<p class=\"read-more\"><a class=\"btn btn-default\" href=\"https:\/\/wp.hont.hu\/index.php\/palyazatok-hont\/dejtari-agglomeracio-szennyvizelvezetesenek-es-tisztitasanak-fejlesztese\/\"> Read More<span class=\"screen-reader-text\">  Read More<\/span><\/a><\/p>\n","protected":false},"author":1,"featured_media":0,"parent":112,"menu_order":0,"comment_status":"closed","ping_status":"closed","template":"","meta":{"footnotes":""},"class_list":["post-525","page","type-page","status-publish","hentry"],"aioseo_notices":[],"_links":{"self":[{"href":"https:\/\/wp.hont.hu\/index.php\/wp-json\/wp\/v2\/pages\/525","targetHints":{"allow":["GET"]}}],"collection":[{"href":"https:\/\/wp.hont.hu\/index.php\/wp-json\/wp\/v2\/pages"}],"about":[{"href":"https:\/\/wp.hont.hu\/index.php\/wp-json\/wp\/v2\/types\/page"}],"author":[{"embeddable":true,"href":"https:\/\/wp.hont.hu\/index.php\/wp-json\/wp\/v2\/users\/1"}],"replies":[{"embeddable":true,"href":"https:\/\/wp.hont.hu\/index.php\/wp-json\/wp\/v2\/comments?post=525"}],"version-history":[{"count":10,"href":"https:\/\/wp.hont.hu\/index.php\/wp-json\/wp\/v2\/pages\/525\/revisions"}],"predecessor-version":[{"id":538,"href":"https:\/\/wp.hont.hu\/index.php\/wp-json\/wp\/v2\/pages\/525\/revisions\/538"}],"up":[{"embeddable":true,"href":"https:\/\/wp.hont.hu\/index.php\/wp-json\/wp\/v2\/pages\/112"}],"wp:attachment":[{"href":"https:\/\/wp.hont.hu\/index.php\/wp-json\/wp\/v2\/media?parent=525"}],"curies":[{"name":"wp","href":"https:\/\/api.w.org\/{rel}","templated":true}]}}