{"id":658,"date":"2025-02-07T07:35:25","date_gmt":"2025-02-07T07:35:25","guid":{"rendered":"https:\/\/wp.hont.hu\/?page_id=658"},"modified":"2026-03-24T10:48:37","modified_gmt":"2026-03-24T10:48:37","slug":"szervezeti-szemelyzeti-adatok-ugyfelfogadasi-idopontok","status":"publish","type":"page","link":"https:\/\/wp.hont.hu\/index.php\/kozerdeku-adatok\/szervezeti-szemelyzeti-adatok-ugyfelfogadasi-idopontok\/","title":{"rendered":"Szervezeti, szem\u00e9lyzeti adatok"},"content":{"rendered":"<h4 style=\"text-align: center;\"><strong>5. \u00dcgyf\u00e9lfogad\u00e1si id\u0151pontok<\/strong><\/h4>\n<p>&nbsp;<\/p>\n<table style=\"border: solid 1px;\">\n<tbody style=\"border: solid 1px;\">\n<tr style=\"border: solid 1px;\">\n<td style=\"border: 1px solid; text-align: center;\" colspan=\"2\" bgcolor=\"#000000\"><strong>A Polg\u00e1rmesteri Hivatal \u00e1ltal\u00e1nos \u00fcgyf\u00e9lfogad\u00e1si ideje<\/strong><\/td>\n<\/tr>\n<tr style=\"border: solid 1px;\">\n<td style=\"border: solid 1px;\" bgcolor=\"#2a2929\"><strong>H\u00e9tf\u0151<\/strong><\/td>\n<td style=\"border: solid 1px;\" bgcolor=\"#2a2929\">8:30-15:30<\/td>\n<\/tr>\n<tr>\n<td style=\"border: solid 1px;\" bgcolor=\"#2a2929\"><strong>Kedd<\/strong><\/td>\n<td style=\"border: solid 1px;\" bgcolor=\"#2a2929\">nincs \u00fcgyf\u00e9lfogad\u00e1s<\/td>\n<\/tr>\n<tr>\n<td style=\"border: solid 1px;\" bgcolor=\"#2a2929\"><strong>Szerda<\/strong><\/td>\n<td style=\"border: solid 1px;\" bgcolor=\"#2a2929\">8:30-15:30<\/td>\n<\/tr>\n<tr>\n<td style=\"border: solid 1px;\" bgcolor=\"#2a2929\"><strong>Cs\u00fct\u00f6rt\u00f6k<\/strong><\/td>\n<td style=\"border: solid 1px;\" bgcolor=\"#2a2929\">nincs \u00fcgyf\u00e9lfogad\u00e1s<\/td>\n<\/tr>\n<tr>\n<td style=\"border: solid 1px;\" bgcolor=\"#2a2929\"><strong>P\u00e9ntek<\/strong><\/td>\n<td style=\"border: solid 1px;\" bgcolor=\"#2a2929\">8:30-12:00<\/td>\n<\/tr>\n<tr style=\"border: solid 1px;\">\n<td style=\"border: 1px solid; text-align: center;\" colspan=\"2\" bgcolor=\"#000000\"><strong>A polg\u00e1rmester \u00fcgyf\u00e9lfogad\u00e1si ideje<\/strong><\/td>\n<\/tr>\n<tr style=\"border: solid 1px;\">\n<td style=\"border: solid 1px;\" bgcolor=\"#2a2929\"><strong>H\u00e9tf\u0151<\/strong><\/td>\n<td style=\"border: solid 1px;\" bgcolor=\"#2a2929\">8:30-15:30<\/td>\n<\/tr>\n<tr>\n<td style=\"border: solid 1px;\" bgcolor=\"#2a2929\"><strong>P\u00e9ntek<\/strong><\/td>\n<td style=\"border: solid 1px;\" bgcolor=\"#2a2929\">8:30-12:00<\/td>\n<\/tr>\n<tr style=\"border: solid 1px;\">\n<td style=\"border: 1px solid; text-align: center;\" colspan=\"2\" bgcolor=\"#000000\"><strong>A jegyz\u0151 \u00fcgyf\u00e9lfogad\u00e1si ideje<\/strong><\/td>\n<\/tr>\n<tr style=\"border: solid 1px;\">\n<td style=\"border: solid 1px;\" bgcolor=\"#2a2929\"><strong>H\u00e9tf\u0151<\/strong><\/td>\n<td style=\"border: solid 1px;\" bgcolor=\"#2a2929\">8:30-12:00<\/td>\n<\/tr>\n<\/tbody>\n<\/table>\n<p><\/p>\n<p style=\"text-align: center;\"><strong><a href=\"https:\/\/wp.hont.hu\/wp-content\/uploads\/2026\/03\/hont_teli_igazgatasi_szunet.pdf\" target=\"_blank\" rel=\"noopener\">T\u00e1j\u00e9koztat\u00f3 a 2026. \u00e9vi t\u00e9li igazgat\u00e1si sz\u00fcnetr\u0151l<\/a><\/strong><\/p>\n","protected":false},"excerpt":{"rendered":"<p>5. \u00dcgyf\u00e9lfogad\u00e1si id\u0151pontok &nbsp; A Polg\u00e1rmesteri Hivatal \u00e1ltal\u00e1nos \u00fcgyf\u00e9lfogad\u00e1si ideje H\u00e9tf\u0151 8:30-15:30 Kedd nincs \u00fcgyf\u00e9lfogad\u00e1s Szerda 8:30-15:30 Cs\u00fct\u00f6rt\u00f6k nincs \u00fcgyf\u00e9lfogad\u00e1s P\u00e9ntek 8:30-12:00 A polg\u00e1rmester \u00fcgyf\u00e9lfogad\u00e1si ideje H\u00e9tf\u0151 8:30-15:30 P\u00e9ntek 8:30-12:00 A jegyz\u0151 \u00fcgyf\u00e9lfogad\u00e1si ideje H\u00e9tf\u0151 8:30-12:00 T\u00e1j\u00e9koztat\u00f3 a 2026. \u00e9vi t\u00e9li igazgat\u00e1si sz\u00fcnetr\u0151l<\/p>\n","protected":false},"author":1,"featured_media":0,"parent":581,"menu_order":0,"comment_status":"closed","ping_status":"closed","template":"","meta":{"footnotes":""},"class_list":["post-658","page","type-page","status-publish","hentry"],"aioseo_notices":[],"_links":{"self":[{"href":"https:\/\/wp.hont.hu\/index.php\/wp-json\/wp\/v2\/pages\/658","targetHints":{"allow":["GET"]}}],"collection":[{"href":"https:\/\/wp.hont.hu\/index.php\/wp-json\/wp\/v2\/pages"}],"about":[{"href":"https:\/\/wp.hont.hu\/index.php\/wp-json\/wp\/v2\/types\/page"}],"author":[{"embeddable":true,"href":"https:\/\/wp.hont.hu\/index.php\/wp-json\/wp\/v2\/users\/1"}],"replies":[{"embeddable":true,"href":"https:\/\/wp.hont.hu\/index.php\/wp-json\/wp\/v2\/comments?post=658"}],"version-history":[{"count":17,"href":"https:\/\/wp.hont.hu\/index.php\/wp-json\/wp\/v2\/pages\/658\/revisions"}],"predecessor-version":[{"id":922,"href":"https:\/\/wp.hont.hu\/index.php\/wp-json\/wp\/v2\/pages\/658\/revisions\/922"}],"up":[{"embeddable":true,"href":"https:\/\/wp.hont.hu\/index.php\/wp-json\/wp\/v2\/pages\/581"}],"wp:attachment":[{"href":"https:\/\/wp.hont.hu\/index.php\/wp-json\/wp\/v2\/media?parent=658"}],"curies":[{"name":"wp","href":"https:\/\/api.w.org\/{rel}","templated":true}]}}